{"id":208,"date":"2022-03-06T17:44:59","date_gmt":"2022-03-06T17:44:59","guid":{"rendered":"http:\/\/olimpiada-matematica.uma.es\/?page_id=208"},"modified":"2023-09-27T13:37:30","modified_gmt":"2023-09-27T13:37:30","slug":"resultados","status":"publish","type":"page","link":"https:\/\/olimpiada-matematica.uma.es\/index.php\/resultados\/","title":{"rendered":"Resultados"},"content":{"rendered":"\n<h2 class=\"wp-block-heading\"><strong><a href=\"http:\/\/olimpiada-matematica.uma.es\/wp-content\/uploads\/2022\/03\/oma-2022-problemas-pascual.pdf\" target=\"_blank\" rel=\"noreferrer noopener\">Problemas<\/a><\/strong><\/h2>\n\n\n\n<p>Seleccionados para ir a la <a rel=\"noreferrer noopener\" href=\"https:\/\/www.usc.es\/olympia\/ome2022\/\" target=\"_blank\">LVIII Olimpiada Matem\u00e1tica Espa\u00f1ola<\/a><\/p>\n\n\n\n<figure class=\"wp-block-table is-style-stripes\"><table><tbody><tr><td>1<\/td><td>Pablo Puerto Mu\u00f1oz<\/td><td>Sevilla<\/td><\/tr><tr><td>2 (<em>ex aequo<\/em>)<\/td><td>Samuel Orellana Mateo<\/td><td>C\u00e1diz<\/td><\/tr><tr><td>2 (<em>ex aequo<\/em>)<\/td><td>Andrey Parrilla Prokopyev<\/td><td>Almer\u00eda<\/td><\/tr><tr><td>4 (<em>ex aequo<\/em>)<\/td><td>Mario Balda Agudo<\/td><td>Granada<\/td><\/tr><tr><td>4 (<em>ex aequo<\/em>)<\/td><td>Sebasti\u00e1n de la Torre Gil-Delgado<\/td><td>M\u00e1laga<\/td><\/tr><tr><td>6 (<em>ex aequo<\/em>)<\/td><td>Clara Helena Briand<\/td><td>Sevilla<\/td><\/tr><tr><td>6 (<em>ex aequo<\/em>)<\/td><td>Pablo Mart\u00edn Santamar\u00eda<\/td><td>M\u00e1laga<\/td><\/tr><tr><td>8<\/td><td>Javier Ribelles S\u00e1nchez<\/td><td>C\u00e1diz<\/td><\/tr><tr><td>9 (<em>ex aequo<\/em>)<\/td><td>Iv\u00e1n Garc\u00eda Harlouchet<\/td><td>Almer\u00eda<\/td><\/tr><tr><td>9 (<em>ex aequo<\/em>)<\/td><td>Galo Gord\u00f3n Cordero<\/td><td>Ja\u00e9n<\/td><\/tr><tr><td>11 (<em>ex aequo<\/em>)<\/td><td>Max Pi\u00f1ar P\u00e9rez<\/td><td>Granada<\/td><\/tr><tr><td>11 (<em>ex aequo<\/em>)<\/td><td>Pablo Troyano Plata<\/td><td>Sevilla<\/td><\/tr><\/tbody><\/table><\/figure>\n","protected":false},"excerpt":{"rendered":"<p>Problemas Seleccionados para ir a la LVIII Olimpiada Matem\u00e1tica Espa\u00f1ola 1 Pablo Puerto Mu\u00f1oz Sevilla 2 (ex aequo) Samuel Orellana Mateo C\u00e1diz 2 (ex aequo) Andrey Parrilla Prokopyev Almer\u00eda 4 (ex aequo) Mario Balda Agudo Granada 4 (ex aequo) Sebasti\u00e1n de la Torre Gil-Delgado M\u00e1laga 6 (ex aequo) Clara Helena Briand Sevilla 6 (ex aequo) &hellip; <\/p>\n<p class=\"link-more\"><a href=\"https:\/\/olimpiada-matematica.uma.es\/index.php\/resultados\/\" class=\"more-link\">Continue reading<span class=\"screen-reader-text\"> &#8220;Resultados&#8221;<\/span><\/a><\/p>\n","protected":false},"author":1,"featured_media":0,"parent":0,"menu_order":0,"comment_status":"closed","ping_status":"closed","template":"","meta":{"footnotes":""},"class_list":["post-208","page","type-page","status-publish","hentry"],"_links":{"self":[{"href":"https:\/\/olimpiada-matematica.uma.es\/index.php\/wp-json\/wp\/v2\/pages\/208","targetHints":{"allow":["GET"]}}],"collection":[{"href":"https:\/\/olimpiada-matematica.uma.es\/index.php\/wp-json\/wp\/v2\/pages"}],"about":[{"href":"https:\/\/olimpiada-matematica.uma.es\/index.php\/wp-json\/wp\/v2\/types\/page"}],"author":[{"embeddable":true,"href":"https:\/\/olimpiada-matematica.uma.es\/index.php\/wp-json\/wp\/v2\/users\/1"}],"replies":[{"embeddable":true,"href":"https:\/\/olimpiada-matematica.uma.es\/index.php\/wp-json\/wp\/v2\/comments?post=208"}],"version-history":[{"count":9,"href":"https:\/\/olimpiada-matematica.uma.es\/index.php\/wp-json\/wp\/v2\/pages\/208\/revisions"}],"predecessor-version":[{"id":456,"href":"https:\/\/olimpiada-matematica.uma.es\/index.php\/wp-json\/wp\/v2\/pages\/208\/revisions\/456"}],"wp:attachment":[{"href":"https:\/\/olimpiada-matematica.uma.es\/index.php\/wp-json\/wp\/v2\/media?parent=208"}],"curies":[{"name":"wp","href":"https:\/\/api.w.org\/{rel}","templated":true}]}}