{"id":1222,"date":"2025-09-16T14:20:22","date_gmt":"2025-09-16T14:20:22","guid":{"rendered":"https:\/\/olimpiada-matematica.uma.es\/?page_id=1222"},"modified":"2026-05-11T20:04:17","modified_gmt":"2026-05-11T20:04:17","slug":"timm-joven-25-26","status":"publish","type":"page","link":"https:\/\/olimpiada-matematica.uma.es\/index.php\/timm-joven-25-26\/","title":{"rendered":"TIMM &#8211; Joven 25\/26"},"content":{"rendered":"\n<p>Esta es la p\u00e1gina de nuestro nuevo taller para estudiantes de Secundaria a los que les gusten mucho las matem\u00e1ticas, y sobre todo que les guste Pensar&#8230;. Aqu\u00ed organizaremos charlas, talleres, actividades, etc. (TIMM= Taller de Ingenio Matem\u00e1tico de M\u00e1laga) <\/p>\n\n\n\n<p>NOTA IMPORTANTE: Si alg\u00fan chic@ de 3\u00ba-4\u00ba de la ESO quiere participar, tiene que rellenar un <a href=\"https:\/\/docs.google.com\/forms\/d\/1q3HkWhQVLsPy8c9uVQcGLPip8cYJA4ld-kuE-0z9w0E\" data-type=\"link\" data-id=\"https:\/\/docs.google.com\/forms\/d\/1q3HkWhQVLsPy8c9uVQcGLPip8cYJA4ld-kuE-0z9w0E\">formulario de google<\/a>, o (mejor y) escribirme a cdf@uma.es y enviarme: nombre completo + correo electr\u00f3nico + centro donde estudia + una frase diciendo por qu\u00e9 quiere participar.<\/p>\n\n\n\n<div class=\"wp-block-group is-nowrap is-layout-flex wp-container-core-group-is-layout-ad2f72ca wp-block-group-is-layout-flex\">\n<figure class=\"wp-block-table\"><table class=\"has-fixed-layout\"><tbody><tr><td> <strong>Octubre 25<\/strong><\/td><td><\/td><td><\/td><td><img loading=\"lazy\" decoding=\"async\" width=\"80\" height=\"57\" class=\"wp-image-703\" style=\"width: 80px;\" src=\"http:\/\/olimpiada-matematica.uma.es\/wp-content\/uploads\/2024\/01\/logo-timm-colores-2-scaled.jpg\" alt=\"\" srcset=\"https:\/\/olimpiada-matematica.uma.es\/wp-content\/uploads\/2024\/01\/logo-timm-colores-2-scaled.jpg 2560w, https:\/\/olimpiada-matematica.uma.es\/wp-content\/uploads\/2024\/01\/logo-timm-colores-2-300x212.jpg 300w, https:\/\/olimpiada-matematica.uma.es\/wp-content\/uploads\/2024\/01\/logo-timm-colores-2-1024x724.jpg 1024w, https:\/\/olimpiada-matematica.uma.es\/wp-content\/uploads\/2024\/01\/logo-timm-colores-2-768x543.jpg 768w, https:\/\/olimpiada-matematica.uma.es\/wp-content\/uploads\/2024\/01\/logo-timm-colores-2-1536x1086.jpg 1536w, https:\/\/olimpiada-matematica.uma.es\/wp-content\/uploads\/2024\/01\/logo-timm-colores-2-2048x1448.jpg 2048w\" sizes=\"auto, (max-width: 80px) 100vw, 80px\" \/><\/td><\/tr><tr><td>D\u00eda 11, de 10 a 12<\/td><td>S1- Combinatoria y l\u00f3gica<\/td><td>UMA &#8211; M\u00aa \u00c1ngeles G\u00f3mez<\/td><td>Aula 0.22 EII<br>(Industriales)<\/td><\/tr><tr><td> D\u00eda 18, de 10 a 12<\/td><td>S2- Geometr\u00eda I<\/td><td>J.A. Rom\u00e1n<\/td><td>Aula 0.22 EII<\/td><\/tr><tr><td>Viernes 31<img loading=\"lazy\" decoding=\"async\" width=\"60\" height=\"43\" class=\"wp-image-337\" style=\"width: 60px;\" src=\"http:\/\/olimpiada-matematica.uma.es\/wp-content\/uploads\/2022\/10\/Logo-Co-U.jpg\" alt=\"\" srcset=\"https:\/\/olimpiada-matematica.uma.es\/wp-content\/uploads\/2022\/10\/Logo-Co-U.jpg 586w, https:\/\/olimpiada-matematica.uma.es\/wp-content\/uploads\/2022\/10\/Logo-Co-U-300x213.jpg 300w\" sizes=\"auto, (max-width: 60px) 100vw, 60px\" \/> <\/td><td>&#8212;&#8212;&#8212;&#8212;&#8212;<\/td><td>&#8212;&#8212;&#8212;&#8212;&#8212;-<\/td><td><\/td><\/tr><tr><td> <strong>Noviembre 25<\/strong><\/td><td><\/td><td><\/td><td><\/td><\/tr><tr><td>D\u00eda 8, de 10 a 12<\/td><td>S3- El canguro<\/td><td>Eva S\u00e1nchez, Rafa Mart\u00ednez y Alej. Burgue\u00f1o<\/td><td>Aula 0.22 EII<\/td><\/tr><tr><td>D\u00eda 15, de 10:30 a 12:30<\/td><td>S4- Teselaciones<\/td><td>Mercedes Navas, \u00c1ngel Fern\u00e1ndez y David G\u00f3mez<\/td><td>Aula 0.22 EII<\/td><\/tr><tr><td>D\u00eda 22, de 10:30 a 12:30<\/td><td>S5 &#8211; Divisibilidad<\/td><td>Cristina Draper<\/td><td>Aula 0.22 EII<\/td><\/tr><tr><td>D\u00eda 29, de 11:30 a 1<\/td><td>S6 &#8211; Divisores II<\/td><td>C. Draper<\/td><td>Aula 0.22 EII<\/td><\/tr><tr><td><strong> Diciembre 25<\/strong><\/td><td><\/td><td><\/td><td><\/td><\/tr><tr><td>D\u00eda 13<\/td><td>S7 &#8211; Geometr\u00eda II<\/td><td>J.A. Rom\u00e1n<\/td><td>Aula 0.22 EII<\/td><\/tr><tr><td>D\u00eda 20<\/td><td>S8- Principio del Palomar<\/td><td>UMA &#8211; David Gonz\u00e1lez<\/td><td>Aula 0.22 EII<\/td><\/tr><tr><td> <strong>Enero 26<\/strong><\/td><td><\/td><td><\/td><td><\/td><\/tr><tr><td>D\u00eda 10, de 10 a 12<\/td><td>S9 &#8211; Aritm\u00e9tica del reloj<\/td><td>Pedro S\u00e1nchez<\/td><td>Aula 0.22 EII<\/td><\/tr><tr><td>Viernes 16 <img loading=\"lazy\" decoding=\"async\" width=\"50\" height=\"55\" class=\"wp-image-508\" style=\"width: 50px;\" src=\"http:\/\/olimpiada-matematica.uma.es\/wp-content\/uploads\/2023\/09\/omecolor.jpg\" alt=\"\"><br>(Olimpiada Bach)<\/td><td>&#8212;&#8212;&#8212;&#8212;&#8212;&#8212;-<\/td><td>&#8212;&#8212;&#8212;&#8212;&#8212;&#8212;<\/td><td>Sal\u00f3n de actos EII<\/td><\/tr><tr><td>D\u00eda 24<\/td><td>S10 &#8211; Estrategias d resoluci\u00f3n probls<\/td><td>Bel\u00e9n Sep\u00falveda<\/td><td><br>Aula 0.22 EII<\/td><\/tr><tr><td>D\u00eda 31, de 10,30 a 12,30<\/td><td>S11 &#8211; Grafos<\/td><td>Carlos Bejines<\/td><td>Aula 0.22 EII<\/td><\/tr><tr><td><strong> Febrero 26<\/strong><\/td><td><\/td><td><\/td><td><\/td><\/tr><tr><td>D\u00eda 7, de 10 a 12<\/td><td>S12 &#8211; Fractales<\/td><td>Aniceto Murillo<\/td><td>Aula 0.26 Eii<\/td><\/tr><tr><td>D\u00eda 14 <\/td><td>OLIMPIADA 4\u00ba ESO THALES<\/td><td>&#8212;&#8212;&#8212;&#8212;&#8212;&#8212;&#8212;-<\/td><td>IES Laboral<\/td><\/tr><tr><td>D\u00eda 21, de 10,30 a 12,30<\/td><td>S13 &#8211; Mujeres y Matem\u00e1ticas<\/td><td>Irene Sanz<\/td><td>Aula 0.26 EII<\/td><\/tr><tr><td>D\u00eda 28, de 10 a 12<\/td><td>S14 &#8211; Jugando a ser Euler (CANCELADO vac)<\/td><td>UMA Antonio Ceres<\/td><td>Aula 0.26 EII<\/td><\/tr><tr><td> <strong>Marzo 26<\/strong><\/td><td><\/td><td><\/td><td><\/td><\/tr><tr><td>D\u00eda 7, de 10,30 a 12,30<\/td><td>S15 &#8211; <a href=\"https:\/\/view.genially.com\/69a68e9b285043206821ee99\/presentation-timm-joven-2526\">Geogebra<\/a><\/td><td>J.M. Fern\u00e1ndez<\/td><td>Aula 2556L &#8211;  EII<\/td><\/tr><tr><td>D\u00eda 14<\/td><td>S16 &#8211; Sangakus<\/td><td>J.A. Rom\u00e1n<\/td><td>Aula 0.22 EII<\/td><\/tr><tr><td>D\u00eda 21 <\/td><td>S17 &#8211; Matem\u00e1ticas en una baraja<\/td><td>Manuel Ojeda Hern\u00e1ndez<\/td><td>Aula de grados A<\/td><\/tr><tr><td>D\u00eda 28 y 4<\/td><td>VACACIONES DE SEMANA SANTA<\/td><td>&#8212;&#8212;&#8212;&#8212;&#8212;&#8212;&#8212;-<\/td><td>&#8212;&#8212;&#8212;&#8212;&#8212;&#8212;&#8212;-<\/td><\/tr><tr><td><strong>Abril 26<\/strong><\/td><td><\/td><td><\/td><td><\/td><\/tr><tr><td>D\u00eda 11, de 10:30 a 12:30<\/td><td>S18 &#8211; Hasta el infinito y m\u00e1s all\u00e1<\/td><td>UMA Pepe N\u00fa\u00f1ez y Mai Vila<\/td><td>Aula 0.22 EII<\/td><\/tr><tr><td>D\u00eda 18, de 10:30 a 12:30<\/td><td>S19 &#8211; Ajedrez y Mates<\/td><td>Maestra de ajedrez (Paloma )<\/td><td>Aula 0.22 EII<\/td><\/tr><tr><td>D\u00eda 25<\/td><td>S20 &#8211; Juegos y Matem\u00e1ticas<\/td><td>Mercedes Navas y David G\u00f3mez- UMA<\/td><td>Aula 0.22 EII<\/td><\/tr><tr><td><strong>Mayo 26<\/strong><\/td><td><\/td><td><\/td><td><\/td><\/tr><tr><td> D\u00eda 2 (puente de Mayo)<\/td><td>&#8212;&#8212;&#8212;&#8212;&#8212;&#8212;-<\/td><td>&#8212;&#8212;&#8212;&#8212;&#8212;-<\/td><td><\/td><\/tr><tr><td>D\u00eda 9, de 11 a 1<\/td><td>S21 &#8211; La pizarra de Broncano<\/td><td>Paco Villatoro<\/td><td>Aula 0.26 EII<\/td><\/tr><tr><td>D\u00eda 16, de 10 a 12<\/td><td>S22 &#8211; Geometr\u00eda del Universo<\/td><td>Pedro S\u00e1nchez<\/td><td>Aula 0.22 EII<\/td><\/tr><tr><td> D\u00eda 23<\/td><td>S23 &#8211; Cubos de Rubik<\/td><td>Miguel Valenzuela- UMA<\/td><td>Sala de grados A<\/td><\/tr><tr><td>D\u00eda 30, de 9 a 3pm<\/td><td>CLAUSURA (matem\u00e1ticas en la Calle)<\/td><td> (Sociedad Thales)<\/td><td>PARQUE LITORAL<\/td><\/tr><\/tbody><\/table><\/figure>\n\n\n\n<figure class=\"wp-block-image size-large\"><img loading=\"lazy\" decoding=\"async\" width=\"795\" height=\"1024\" src=\"https:\/\/olimpiada-matematica.uma.es\/wp-content\/uploads\/2026\/04\/Captura-de-pantalla-2026-04-11-a-las-17.49.32-795x1024.png\" alt=\"\" class=\"wp-image-1491\" srcset=\"https:\/\/olimpiada-matematica.uma.es\/wp-content\/uploads\/2026\/04\/Captura-de-pantalla-2026-04-11-a-las-17.49.32-795x1024.png 795w, https:\/\/olimpiada-matematica.uma.es\/wp-content\/uploads\/2026\/04\/Captura-de-pantalla-2026-04-11-a-las-17.49.32-233x300.png 233w, https:\/\/olimpiada-matematica.uma.es\/wp-content\/uploads\/2026\/04\/Captura-de-pantalla-2026-04-11-a-las-17.49.32-768x990.png 768w, https:\/\/olimpiada-matematica.uma.es\/wp-content\/uploads\/2026\/04\/Captura-de-pantalla-2026-04-11-a-las-17.49.32.png 950w\" sizes=\"auto, (max-width: 706px) 89vw, (max-width: 767px) 82vw, 740px\" \/><\/figure>\n\n\n\n<figure class=\"wp-block-image size-large\"><img loading=\"lazy\" decoding=\"async\" width=\"1024\" height=\"426\" src=\"http:\/\/olimpiada-matematica.uma.es\/wp-content\/uploads\/2025\/09\/Captura-de-pantalla-2025-09-17-a-las-15.48.20-1024x426.png\" alt=\"\" class=\"wp-image-1265\" srcset=\"https:\/\/olimpiada-matematica.uma.es\/wp-content\/uploads\/2025\/09\/Captura-de-pantalla-2025-09-17-a-las-15.48.20-1024x426.png 1024w, https:\/\/olimpiada-matematica.uma.es\/wp-content\/uploads\/2025\/09\/Captura-de-pantalla-2025-09-17-a-las-15.48.20-300x125.png 300w, https:\/\/olimpiada-matematica.uma.es\/wp-content\/uploads\/2025\/09\/Captura-de-pantalla-2025-09-17-a-las-15.48.20-768x319.png 768w, https:\/\/olimpiada-matematica.uma.es\/wp-content\/uploads\/2025\/09\/Captura-de-pantalla-2025-09-17-a-las-15.48.20.png 1462w\" sizes=\"auto, (max-width: 706px) 89vw, (max-width: 767px) 82vw, 740px\" \/><\/figure>\n<\/div>\n\n\n\n<p><sup>(Calendario se va actualizando cada semana)<\/sup> FINALIZA 30 de Mayo<\/p>\n","protected":false},"excerpt":{"rendered":"<p>Esta es la p\u00e1gina de nuestro nuevo taller para estudiantes de Secundaria a los que les gusten mucho las matem\u00e1ticas, y sobre todo que les guste Pensar&#8230;. Aqu\u00ed organizaremos charlas, talleres, actividades, etc. (TIMM= Taller de Ingenio Matem\u00e1tico de M\u00e1laga) NOTA IMPORTANTE: Si alg\u00fan chic@ de 3\u00ba-4\u00ba de la ESO quiere participar, tiene que rellenar &hellip; <\/p>\n<p class=\"link-more\"><a href=\"https:\/\/olimpiada-matematica.uma.es\/index.php\/timm-joven-25-26\/\" class=\"more-link\">Continue reading<span class=\"screen-reader-text\"> &#8220;TIMM &#8211; Joven 25\/26&#8221;<\/span><\/a><\/p>\n","protected":false},"author":3,"featured_media":0,"parent":0,"menu_order":0,"comment_status":"closed","ping_status":"closed","template":"","meta":{"footnotes":""},"class_list":["post-1222","page","type-page","status-publish","hentry"],"_links":{"self":[{"href":"https:\/\/olimpiada-matematica.uma.es\/index.php\/wp-json\/wp\/v2\/pages\/1222","targetHints":{"allow":["GET"]}}],"collection":[{"href":"https:\/\/olimpiada-matematica.uma.es\/index.php\/wp-json\/wp\/v2\/pages"}],"about":[{"href":"https:\/\/olimpiada-matematica.uma.es\/index.php\/wp-json\/wp\/v2\/types\/page"}],"author":[{"embeddable":true,"href":"https:\/\/olimpiada-matematica.uma.es\/index.php\/wp-json\/wp\/v2\/users\/3"}],"replies":[{"embeddable":true,"href":"https:\/\/olimpiada-matematica.uma.es\/index.php\/wp-json\/wp\/v2\/comments?post=1222"}],"version-history":[{"count":80,"href":"https:\/\/olimpiada-matematica.uma.es\/index.php\/wp-json\/wp\/v2\/pages\/1222\/revisions"}],"predecessor-version":[{"id":1512,"href":"https:\/\/olimpiada-matematica.uma.es\/index.php\/wp-json\/wp\/v2\/pages\/1222\/revisions\/1512"}],"wp:attachment":[{"href":"https:\/\/olimpiada-matematica.uma.es\/index.php\/wp-json\/wp\/v2\/media?parent=1222"}],"curies":[{"name":"wp","href":"https:\/\/api.w.org\/{rel}","templated":true}]}}